atest common factor of 811881 and 648.
9
Calculate the greatest common divisor of 33343064 and 8440.
1688
What is the highest common divisor of 46728 and 650232?
792
Calculate the highest common divisor of 232592 and 464.
16
What is the greatest common divisor of 897 and 575621?
23
Calculate the highest common factor of 183187500 and 45.
15
Calculate the highest common factor of 2927 and 70268489.
2927
Calculate the highest common factor of 578 and 62119394.
578
What is the highest common factor of 3145 and 45944380?
185
Calculate the highest common divisor of 380824 and 3688.
8
What is the greatest common factor of 537587356 and 796?
796
What is the greatest common divisor of 7145 and 684026575?
7145
What is the highest common factor of 36207 and 1296747?
1341
What is the highest common factor of 389111 and 37?
1
Calculate the highest common divisor of 8091 and 48387342.
93
What is the greatest common divisor of 18527 and 323398?
97
Calculate the highest common factor of 41576290 and 175.
35
Calculate the highest common divisor of 39360 and 13735902.
246
Calculate the greatest common divisor of 38 and 1181777162.
38
Calculate the greatest common divisor of 104436 and 270.
54
What is the greatest common divisor of 224 and 2635192?
56
Calculate the greatest common divisor of 3847448028 and 1228.
1228
Calculate the greatest common divisor of 731 and 6341.
17
Calculate the highest common divisor of 5884992 and 578.
34
What is the greatest common factor of 3615372 and 1044?
1044
What is the greatest common divisor of 1255 and 1566491?
251
What is the greatest common factor of 11745 and 127107?
261
Calculate the greatest common divisor of 1890 and 206623830.
210
What is the highest common divisor of 64 and 29946832?
16
Calculate the highest common divisor of 271048 and 8568.
136
Calculate the greatest common factor of 52595756 and 7038.
782
Calculate the greatest common factor of 120 and 414776.
8
What is the greatest common divisor of 1132560 and 4446?
234
Calculate the highest common factor of 300580 and 175602.
1582
What is the highest common divisor of 41538 and 8090250?
966
Calculate the highest common divisor of 493 and 40545277.
29
What is the highest common factor of 11766 and 43081209?
5883
Calculate the greatest common divisor of 6006 and 3843378.
462
What is the greatest common factor of 9478728 and 2408?
56
Calculate the greatest common divisor of 321095323 and 317.
317
Calculate the highest common divisor of 3729188 and 10461.
317
Calculate the greatest common factor of 26294013 and 9657.
333
What is the greatest common factor of 10519250 and 1085?
35
What is the greatest common divisor of 43 and 220645556?
43
What is the greatest common factor of 51706818 and 18?
18
Calculate the greatest common divisor of 188 and 1866746.
94
Calculate the greatest common factor of 594076 and 16454.
866
What is the highest common divisor of 8856 and 518055336?
2952
What is the highest common factor of 34237375 and 125?
125
Calculate the greatest common factor of 82 and 258818117.
41
What is the highest common factor of 778 and 43927436?
778
Calculate the greatest common factor of 188032 and 6826104.
904
Calculate the highest common divisor of 6783 and 1602573.
357
What is the highest common factor of 638 and 2553218?
58
Calculate the highest common divisor of 264 and 6649016.
88
What is the highest common factor of 102891084 and 1128?
564
Calculate the highest common divisor of 3436 and 1377476938.
1718
What is the highest common divisor of 8527376 and 143?
143
What is the highest common factor of 12 and 42317706?
6
What is the highest common divisor of 67 and 274772695?
67
Calculate the greatest common factor of 2468 and 48089597.
617
What is the highest common divisor of 1372 and 486751986?
686
Calculate the greatest common factor of 84963 and 273939.
381
Calculate the greatest common divisor of 890688 and 688.
16
Calculate the highest common factor of 8697 and 72306.
39
Calculate the highest common divisor of 203 and 41810663.
29
What is the highest common divisor of 243460 and 53660?
20
Calculate the greatest common divisor of 189 and 44866374.
21
Calculate the highest common divisor of 705327 and 1071.
21
Calculate the highest common factor of 74029 and 92025.
409
What is the highest common divisor of 147 and 856779?
21
Calculate the highest common factor of 876317 and 1937.
13
Calculate the greatest common factor of 20 and 75593530.
10
What is the highest common divisor of 3784704 and 329?
7
What is the greatest common factor of 729585 and 36270?
1395
Calculate the greatest common divisor of 198987 and 39729.
57
What is the greatest common factor of 16208 and 12688838?
2026
Calculate the highest common divisor of 254785972 and 3444.
1148
Calculate the highest common divisor of 224064 and 1160776.
3112
What is the highest common factor of 150 and 17516750?
50
What is the greatest common divisor of 2123 and 53031?
11
Calculate the highest common divisor of 236927 and 14429.
47
What is the highest common divisor of 9890 and 659042?
46
What is the highest common factor of 8523348 and 1326048?
8724
What is the greatest common divisor of 1284077 and 3667?
19
What is the greatest common divisor of 39800 and 547847?
199
Calculate the greatest common divisor of 4766395 and 6675.
445
Calculate the highest common factor of 2750 and 8629775.
275
Calculate the greatest common divisor of 40123468 and 6402.
2134
What is the highest common divisor of 32608 and 27555798?
2038
What is the highest common divisor of 14904695 and 290?
145
Calculate the greatest common factor of 21006600 and 23415.
3345
Calculate the greatest common factor of 120393 and 2842.
49
Calculate the highest common divisor of 14622571 and 480434.
5111
What is the greatest common divisor of 398 and 59634529?
199
What is the highest common factor of 10368 and 9239184?
1296
What is the greatest common factor of 23405 and 88505?
155
Calculate the highest common factor of 512424 and 12408.
264
What is the highest common factor of 36297543 and 852?
213
What is the highest common factor of 184144816 and 1360?
272
What is the greatest common factor of 193 and 33213949?
193
Calculate the greatest common divisor of 684 and 1054679436.
684
What is the greatest common divisor of 200 and 1210506200?
200
What is the highest common divisor of 17 and 35414621?
17
What is the greatest common factor of 14737104 and 432?
144
Calculate the greatest common divisor of 211257868 and 2252.
2252
Calculate the highest common factor of 41191938 and 126.
18
What is the greatest common divisor of 2976 and 325128?
744
What is the greatest common factor of 103070388 and 1632?
204
What is the greatest common factor of 106473475 and 47100?
3925
Calculate the greatest common factor of 5213824 and 1265.
253
What is the greatest common divisor of 2051 and 6671317?
293
What is the greatest common divisor of 2526570 and 41062?
838
Calculate the greatest common divisor of 629 and 26904217.
629
What is the greatest common divisor of 21554 and 548798?
1658
Calculate the greatest common factor of 2480 and 545848.
248
Calculate the highest common factor of 19864636 and 44.
44
What is the greatest common divisor of 6307598421 and 9?
9
What is the highest common factor of 147182167 and 236?
59
What is the greatest common divisor of 7261 and 516644?
53
Calculate the greatest common factor of 3208220 and 1081.
47
What is the greatest common divisor of 336 and 21832776?
168
Calculate the highest common divisor of 83990 and 58339.
227
Calculate the greatest common factor of 15171 and 8567.
13
Calculate the highest common factor of 23485 and 524557.
11
What is the greatest common factor of 41406162 and 909?
303
What is the greatest common divisor of 726564 and 43746?
1902
Calculate the highest common factor of 15691152 and 1472.
368
Calculate the highest common divisor of 1009122 and 281874.
654
Calculate the greatest common divisor of 4004 and 377667290.
2002
Calculate the greatest common divisor of 40846013 and 39.
13
What is the greatest common divisor of 2630518 and 176?
22
Calculate the greatest common factor of 3400 and 23252800.
200
What is the greatest common factor of 216019381 and 23?
23
Calculate the greatest common factor o